 Suppose -2*u - m - 12 = -3*u, -5*m + 20 = 0. Let c be t(u). Calculate the highest common divisor of c and 16.
1
Let v = 501 + -270. Suppose 3*x - 3*m - 81 = -0*x, 0 = m + 5. Suppose 2*z - 88 = -x. Calculate the highest common factor of z and v.
33
Suppose -103*r - 115 = -121*r + 11. Let a(j) = j**3 - 6*j**2. Let p be a(6). Suppose 7*h - 2*h - 35 = p. Calculate the greatest common factor of h and r.
7
Suppose 45 = -q - 102. Let h = q + 227. Let o be (4/5)/(16/h). Calculate the highest common factor of 4 and o.
4
Let h be ((-2)/5)/(6/(-2160)). Suppose 168 - 672 = -4*d. Suppose 16*z = 9*z + d. What is the greatest common factor of h and z?
18
Let w be (1 - -2 - 1) + 3. Suppose 81 = -5*g - r, r + 0*r - 89 = w*g. Let o be 0 + (1 - g - 1). Calculate the greatest common factor of 34 and o.
17
Let r be (-39)/(-143) + 4/(176/2188). What is the greatest common factor of r and 8725?
25
Suppose 27*k = 29*k - 304. Let j = k - 132. Let x(i) = -i**3 - 3*i**2 + i - 7. Let f be x(-4). What is the highest common factor of j and f?
5
Let a(z) = 36*z**2 + 46*z - 9. Let j be a(-5). Let c = 95 + j. What is the highest common factor of c and 28?
28
Let s = 6226 - -538. Calculate the highest common factor of s and 76.
76
Let j = -6 + 10. Let v(r) = -47*r - 71. Let q be v(15). Let u = -772 - q. Calculate the greatest common divisor of j and u.
4
Let g(u) = -u + 37. Suppose 0 = -2*f - 4*h - 5 - 9, 0 = -4*h. Let b be g(f). Suppose -2*y - 2*y + 16 = 0. What is the highest common factor of y and b?
4
Suppose -15 = -3*g + l, -g - 1 = 3*l + 4. Suppose 94 = 3*k - g*i, i + 18 = k - 3*i. Let f be 1522/16 + 1/(-8). Calculate the highest common factor of k and f.
19
Suppose -5*u + 1388 + 1777 = 0. Let j be 11/(-110) + u/30. Calculate the highest common divisor of 546 and j.
21
Let r = -47 + 84. Suppose -756 = 16*q - r*q. Calculate the greatest common factor of q and 234.
18
Let g = -42 + 48. Let o be (g/(-4))/((-3)/372). Suppose o = 5*q + 181. What is the highest common divisor of 13 and q?
1
Suppose 0*k - 77 = -k. Let d = -261 - -265. Suppose 48 - d = 4*x. Calculate the greatest common divisor of x and k.
11
Suppose -4*g - 2*k + 2222 = 0, 5*k + 509 = 6*g - 2880. Calculate the highest common factor of g and 344.
43
Let s(d) = 56*d**2 - 132*d - 506. Let k be s(-4). Calculate the greatest common divisor of k and 2346.
102
Let r be (-2472)/(-20) + (-2 - (-24)/10). Let i be (-20 - (-680)/35) + ((-92)/(-14) - 2). What is the highest common divisor of i and r?
4
Suppose h + 4*u - 22 = -4*h, 3*u = 9. Suppose -59 = -3*i + h*w + 54, 2*i + w - 80 = 0. What is the greatest common divisor of i and 169?
13
Let a(d) = -33*d + 5. Suppose 23 - 113 = 9*x. Let b be a(x). Calculate the greatest common factor of b and 5.
5
Suppose 44*b = -467 + 2095. What is the greatest common divisor of 1 and b?
1
Suppose 3375 = -8*b + 33*b. Let g = -267 + 101. Let s = g + 256. What is the highest common factor of s and b?
45
Let t be 0 + -4 - (-4 - -3 - 3). Let a(s) = s**2 - s + 56. Let k be a(t). What is the greatest common divisor of k and 14?
14
Suppose 8*y - 44 - 20 = 0. Let i be 5/(0 + 5)*-1. Let x be 2 + i + 19/1. What is the greatest common divisor of y and x?
4
Let r be (3/(60/(-16)))/((-37)/((-78625)/(-50))). Suppose 2*v + 3*v = o + 7, -3*o - 2 = 4*v. What is the highest common divisor of r and v?
1
Suppose -30471 - 45843 = 43*k - 50*k. What is the greatest common factor of k and 711?
237
Suppose 4*g - 100 = 2*g + 5*p, -3*g + 2*p + 128 = 0. Suppose 284*y - 402646 = -44*y + 135274. Calculate the highest common divisor of g and y.
40
Let o be 53/4 + (-3)/12. Let z = 20089 - 19881. What is the greatest common divisor of o and z?
13
Let p be 57*1 + (5 - 7). Let o(s) = 0*s + 16*s**2 + s + s**3 - 8 + 6*s + 6*s. Let m be o(-15). Calculate the highest common factor of p and m.
11
Suppose -2*l - 2*i + 1230 = 3*l, 0 = 4*l + 2*i - 986. Suppose -s + l = -5*a, -4*s - 4*a = -3*a - 997. What is the greatest common divisor of 83 and s?
83
Suppose 0 = -12*n + 11*n + 4. Suppose -n*h = 4*g - 736, 5*h - 947 = 2*g + 2*g. Let l = 26 - 9. Calculate the greatest common divisor of l and h.
17
Let l(m) = -2*m**3 + 7*m**2 + 25*m - 1. Let t be l(7). Let q = 175 + t. Calculate the greatest common factor of 39 and q.
3
Let k = 30 - 16. Let p(u) = -5*u + 129. Let y be p(25). Suppose -y*b + 3*i + 4 = 2, -2*b - 2 = -3*i. Calculate the highest common divisor of k and b.
2
Let y(q) be the second derivative of -q**4/12 - 8*q**3/3 - 2*q**2 + 3*q - 2. Let m be y(-14). What is the highest common divisor of 132 and m?
12
Suppose 38*g - 264*g = 69*g - 59000. What is the greatest common factor of 90 and g?
10
Let x be (240/45)/(2/(-3) + 1). Suppose x = 2*t - 0*t. Suppose 5*q - 363 = r, r + 0 + 3 = 0. Calculate the highest common factor of t and q.
8
Let t be (-6020)/(-60) + 1/(-3). Let z be (-152)/16*2*-2. Let a = z + 2. Calculate the highest common factor of t and a.
20
Suppose 0 = h - 5*x - 14, -4*h + 4*x - 7 + 31 = 0. Suppose 4*r - h*i - 36 = 16, 3*r + 4*i = 32. What is the greatest common divisor of r and 72?
12
Let z = 25 + -5. Let g = -70 - -37. Let v = g + 63. Calculate the greatest common factor of v and z.
10
Suppose 4*u - 12957 = 24675. What is the greatest common divisor of 147 and u?
147
Let t = -26 + 28. Calculate the highest common divisor of 3338 and t.
2
Suppose -4*k - 12 = 0, -5*y - 4*k + 63461 = 11018. Calculate the greatest common divisor of 39 and y.
39
Let h = 1083 + -543. Calculate the greatest common divisor of h and 108.
108
Let k(q) = q**3 - 6*q**2 + q - 3. Let y be k(6). Let n be ((-22)/(0 - -1))/(1 - y). What is the highest common factor of n and 99?
11
Suppose -3*z - 5*b - 57 = -5*z, -5*z + 120 = -5*b. Let d(q) = z - 4*q - 9 - 14 + 9*q**2. Let i be d(-1). Calculate the highest common factor of 1 and i.
1
Let t be (-2144)/8 + 3 + -8. Let x = t - -317. Calculate the greatest common factor of 220 and x.
44
Let y(s) = 1433*s + 151973. Let p be y(-106). Suppose -q = 2*q - 585. What is the highest common divisor of p and q?
15
Suppose 35*r + 3*h = 30*r + 294, -r + 4*h + 68 = 0. Suppose 19 + 51 = n. Calculate the greatest common divisor of n and r.
10
Suppose -a + 2*a - 33 = 0. Suppose -28 - 14 = 4*b - 5*b + 3*d, 0 = -10*d - 100. What is the greatest common factor of a and b?
3
Let s = 134 + -224. Let h be 14 + (18/s - (-2)/10). Calculate the highest common factor of h and 154.
14
Let b = 827 - 680. Let h be ((-98)/b)/((-1)/27). Calculate the highest common divisor of 12 and h.
6
Suppose -490 + 202 = -16*m. Let i be (99/(-22))/((-2)/72). Calculate the highest common divisor of m and i.
18
Let d be (3 - 158/(-22)) + 8/(-44). Let r(k) = -k**3 + 10*k**2 + k - 8. Let t be r(10). Suppose 34 + 6 = t*c. What is the highest common factor of d and c?
10
Suppose 0 = -2*o - 5*w + 684, 84*o = 81*o - 2*w + 1048. Calculate the highest common divisor of 154 and o.
22
Suppose 0 = 5*f + 421 + 504. Let b = -122 - f. Suppose 0 = 2*l - t - 27, 0*l = 5*l - 4*t - b. Calculate the highest common factor of l and 30.
15
Let c be (-9 + 295/55)*-11. Calculate the highest common factor of c and 5300.
20
Suppose 0*k - 5*k = -0*k. Suppose k = -7*y - 929 + 4205. Calculate the greatest common factor of y and 72.
36
Let a be ((-68)/(-17) - -352)*18. What is the highest common divisor of 72 and a?
72
Let i = 101 + -15. Suppose -4*q - 2*s = -1536, -987 = -3*q + 5*s + 204. What is the highest common factor of q and i?
43
Let p(b) = -b**3 - 50*b**2 + 45*b + 200. Let z be p(-52). Calculate the highest common divisor of 19 and z.
19
Suppose 0*p - 4*k - 361 = -p, 0 = -p + 2*k + 359. Let u = -237 + p. What is the greatest common divisor of u and 300?
60
Let s(g) = g**3 + 7*g**2 - 15*g - 16. Let u be s(-7). Let l = 92 - u. Let m = 23 + -5. Calculate the highest common divisor of m and l.
3
Let t(x) be the third derivative of -4*x**4/3 + 5*x**3/6 + 23*x**2. Let s be t(-4). Suppose -4*v + 83 = -s. Calculate the greatest common divisor of 27 and v.
27
Let x be (-2)/(-23) - (-4184560)/1748. What is the highest common divisor of x and 504?
126
Let p(s) = 23*s - 124. Let f(m) = -24*m + 125. Let q(j) = -6*f(j) - 7*p(j). Let t be q(-19). What is the highest common factor of 49 and t?
49
Let r(q) = 14*q**2 - 18*q + 38. Let l be r(2). Calculate the highest common divis